945488 is divided by 822?
818
Calculate the remainder when 31491270 is divided by 49.
48
What is the remainder when 15162409 is divided by 369811?
158
Calculate the remainder when 321118331 is divided by 88.
83
Calculate the remainder when 39654295 is divided by 42.
37
Calculate the remainder when 10682 is divided by 4384.
1914
Calculate the remainder when 383410 is divided by 38339.
20
Calculate the remainder when 49551 is divided by 9866.
221
Calculate the remainder when 624904 is divided by 4470.
3574
Calculate the remainder when 7035343 is divided by 57.
4
Calculate the remainder when 365732 is divided by 49.
45
What is the remainder when 368088 is divided by 11501?
56
Calculate the remainder when 74530038 is divided by 85.
83
Calculate the remainder when 541553 is divided by 966.
593
What is the remainder when 53966 is divided by 2998?
2
What is the remainder when 1438226 is divided by 31959?
71
Calculate the remainder when 114809 is divided by 6020.
429
Calculate the remainder when 36827064 is divided by 366.
144
What is the remainder when 577296 is divided by 571?
15
Calculate the remainder when 994912 is divided by 27.
16
What is the remainder when 172132 is divided by 114?
106
Calculate the remainder when 28628307 is divided by 614.
557
Calculate the remainder when 6504059 is divided by 784.
779
What is the remainder when 644501 is divided by 6379?
222
What is the remainder when 393467 is divided by 392993?
474
Calculate the remainder when 190449 is divided by 47560.
209
Calculate the remainder when 48326440 is divided by 28.
8
What is the remainder when 1379563 is divided by 254?
89
What is the remainder when 305140 is divided by 1599?
1330
What is the remainder when 3307394 is divided by 56057?
31
What is the remainder when 1727491 is divided by 219?
19
What is the remainder when 1684968 is divided by 31?
25
Calculate the remainder when 5013839 is divided by 1646.
123
Calculate the remainder when 47646 is divided by 11874.
150
Calculate the remainder when 22187980 is divided by 2596.
2564
What is the remainder when 190194937 is divided by 190194924?
13
What is the remainder when 22561897 is divided by 1410118?
9
Calculate the remainder when 203825 is divided by 2082.
1871
What is the remainder when 7412758 is divided by 3706374?
10
Calculate the remainder when 1602258 is divided by 3093.
84
What is the remainder when 288876 is divided by 10317?
0
What is the remainder when 56176 is divided by 3739?
91
Calculate the remainder when 48680932 is divided by 230.
52
Calculate the remainder when 32816 is divided by 12.
8
Calculate the remainder when 19234442 is divided by 15027.
14909
Calculate the remainder when 8469746 is divided by 292060.
6
What is the remainder when 604069 is divided by 603693?
376
What is the remainder when 72924 is divided by 1790?
1324
What is the remainder when 3453092 is divided by 3453088?
4
Calculate the remainder when 30819768 is divided by 14131.
57
Calculate the remainder when 719306 is divided by 360.
26
Calculate the remainder when 1696326 is divided by 852.
846
What is the remainder when 356272 is divided by 118304?
1360
Calculate the remainder when 130730 is divided by 2182.
1992
What is the remainder when 604268572 is divided by 9219?
9217
What is the remainder when 103923841 is divided by 682?
681
Calculate the remainder when 37356233 is divided by 732475.
8
Calculate the remainder when 55958293 is divided by 213.
211
Calculate the remainder when 138752557 is divided by 20.
17
What is the remainder when 495480749 is divided by 7750?
7749
What is the remainder when 8372540 is divided by 3109?
3
What is the remainder when 84184 is divided by 79365?
4819
Calculate the remainder when 7479906 is divided by 390.
96
Calculate the remainder when 67072959 is divided by 33536472.
15
Calculate the remainder when 54839877 is divided by 93.
9
What is the remainder when 747105 is divided by 106?
17
What is the remainder when 60099601 is divided by 181?
180
What is the remainder when 405369 is divided by 101340?
9
What is the remainder when 14235 is divided by 719?
574
Calculate the remainder when 787139 is divided by 786548.
591
What is the remainder when 866861 is divided by 433368?
125
Calculate the remainder when 105255 is divided by 3623.
188
What is the remainder when 728928 is divided by 4?
0
What is the remainder when 561086255 is divided by 2452?
2451
Calculate the remainder when 5185277 is divided by 606.
341
What is the remainder when 7415505 is divided by 1137?
1128
What is the remainder when 3848436 is divided by 8?
4
What is the remainder when 9148038 is divided by 680?
678
Calculate the remainder when 12847300 is divided by 2.
0
What is the remainder when 48815456 is divided by 1013?
1012
What is the remainder when 53167 is divided by 841?
184
What is the remainder when 513724 is divided by 256598?
528
What is the remainder when 371745 is divided by 37129?
455
Calculate the remainder when 1342470 is divided by 516.
354
Calculate the remainder when 970135 is divided by 149.
145
Calculate the remainder when 104261 is divided by 104159.
102
Calculate the remainder when 8002051 is divided by 28888.
75
What is the remainder when 86949 is divided by 41483?
3983
Calculate the remainder when 370320 is divided by 1487.
57
What is the remainder when 333853 is divided by 77?
58
Calculate the remainder when 100352 is divided by 624.
512
What is the remainder when 67747 is divided by 67633?
114
What is the remainder when 415045 is divided by 103541?
881
Calculate the remainder when 12213298 is divided by 4.
2
Calculate the remainder when 20704158 is divided by 40.
38
Calculate the remainder when 58627 is divided by 1225.
1052
Calculate the remainder when 132234 is divided by 697.
501
What is the remainder when 2365601 is divided by 591?
419
Calculate the remainder when 2229853 is divided by 212.
37
What is the remainder when 2508059 is divided by 47?
45
What is the remainder when 155842 is divided by 550?
192
What is the remainder when 22973369 is divided by 37?
32
What is the remainder when 3170472 is divided by 377?
279
Calculate the remainder when 917361 is divided by 28665.
81
What is the remainder when 2568955 is divided by 3345?
3340
Calculate the remainder when 1031983 is divided by 1129.
77
What is the remainder when 46211 is divided by 11316?
947
What is the remainder when 38148 is divided by 18973?
202
What is the remainder when 5223999 is divided by 200?
199
What is the remainder when 115414797 is divided by 23704?
21
What is the remainder when 296443647 is divided by 2390?
2387
What is the remainder when 175134 is divided by 173812?
1322
What is the remainder when 35071 is divided by 483?
295
Calculate the remainder when 7916827 is divided by 1512.
1507
What is the remainder when 12842084 is divided by 21?
17
What is the remainder when 7864408 is divided by 7?
6
What is the remainder when 634560 is divided by 25379?
85
Calculate the remainder when 45856491 is divided by 2017.
2013
What is the remainder when 2277646 is divided by 758884?
994
What is the remainder when 18343318 is divided by 3407?
30
What is the remainder when 79953736 is divided by 36?
4
Calculate the remainder when 176698 is divided by 1841.
1803
Calculate the remainder when 19565629 is divided by 744.
661
Calculate the remainder when 10057234 is divided by 386.
4
Calculate the remainder when 1479780 is divided by 472.
60
What is the remainder when 412714 is divided by 770?
764
Calculate the remainder when 1877892 is divided by 585.
42
What is the remainder when 146308 is divided by 47517?
3757
Calculate the remainder when 86776491 is divided by 150.
141
What is the remainder when 22361896 is divided by 44?
40
Calculate the remainder when 25901480 is divided by 39.
20
What is the remainder when 374589457 is divided by 35?
32
What is the remainder when 6321886 is divided by 1084?
1082
Calculate the remainder when 6395828 is divided by 491978.
114
What is the remainder when 304270 is divided by 111?
19
What is the remainder when 1958955 is divided by 42576?
459
What is the remainder when 78356989 is divided by 155?
149
What is the remainder when 3672784 is divided by 493?
427
What is the remainder when 680929 is divided by 33963?
166